o be c(5). Suppose 0 = -5*m + o. Give t(m).
-4
Let m(z) = -z**2 + 7*z - 2. Suppose -v + 3*v = 0. Let x = -1 - 4. Let w = v - x. Calculate m(w).
8
Let t(m) = -2*m. Let g be 49/8 + (-8)/64. Suppose 5*z - 21 = -g. Calculate t(z).
-6
Let l be (-1 - 1)*2/(-4). Let v(j) be the third derivative of 0*j**3 + 0 + 0*j - 2*j**2 + 1/6*j**4. Give v(l).
4
Let g(w) = 2*w**2 + 6*w + 4. Let f be 3/(((-21)/2)/(-7)). Let n be 7/(14/(-4))*f. What is g(n)?
12
Suppose 3*o - 13 = -2*o - r, -2*r + 2 = -2*o. Let m(i) = -4 + 2 - 6 + 3 + o*i. Determine m(4).
3
Let d(y) = -y**2 - y + 6. Let i(v) = v + 2. Let l(q) = -d(q) + 2*i(q). Calculate l(-4).
2
Suppose 3*l - 2*l - 2 = 0. Let t(w) = l - 5 + 2*w + 7 + 3. Calculate t(-5).
-3
Let t(x) = x**3 + x**2 - x - 2. Let v = 10 + -5. Suppose -v*c = -2*c. Calculate t(c).
-2
Let i(w) = 3*w**3 - w**2 + 1. Let y be (0 - -3) + 0 + -3. Suppose -6 = 2*s + 4*z, -5*s - 2 + 1 = -4*z. Let o = s - y. Determine i(o).
-3
Suppose 3*c + 2*c = 30. Let w(z) = -z - 6*z + c*z + 2. Calculate w(3).
-1
Suppose -26*s + 8 = -24*s. Let t = 1 + 1. Let z(k) = k**3 - 4*k**t + 0*k**2 + 5 + 0*k**2. Determine z(s).
5
Let w be ((-12)/10)/((-1)/5). Let l = -21 - -24. Let r(u) = -4 + 1 - l - 6 + u. Determine r(w).
-6
Let m be -2*((-2)/(-1))/(-4). Let h be -3*m*(-3)/9. Let q(v) = 3 - v - 2 - v**3 - v**2 - 4*v**3. What is q(h)?
-6
Let w(k) = 13*k - 25*k - 1 - 4 + 11*k. Suppose -2*s = 2*s + 20. Determine w(s).
0
Let a(q) = q**2 + q + 2. Let h(u) = 4*u**2 + 5*u + 8. Let l(p) = 5*a(p) - h(p). Calculate l(3).
11
Let m(j) be the third derivative of -j**5/60 + j**4/12 + j**3/3 - j**2. Let o be (-9)/(-15) + (-7)/(-5). Determine m(o).
2
Let v(i) = -4*i**3 - i**2. Let f be -1 + 9/3 + 2. Suppose -y = -2*m + 7*m + 21, -8 = f*y + m. Let j be (-1)/2*(y - -3). What is v(j)?
3
Let w(v) = -2*v - 2. Suppose m - 4*y = 12, -4*y = -3*m - y + 27. Let u = m + -12. Determine w(u).
6
Suppose -3*a + 6 = -6. Suppose 4*j - 24 = -a. Let c(f) = -f + 3. Give c(j).
-2
Let s(h) = h**3 - 4*h**2 - 4*h - 5. Let m(b) = b**3 - 4*b**2 - 4*b - 5. Let v(n) = 5*m(n) - 4*s(n). Calculate v(5).
0
Suppose -3*u = -6*u - 12. Let r(p) = -p**2 - 6*p - 5. Calculate r(u).
3
Let r(g) = -3*g - g**3 - 7 + 2 + 4*g + g**2 + 0. Determine r(0).
-5
Let n(f) = f + 2. Suppose 6 - 4 = -2*r. Let w = 6 + r. Calculate n(w).
7
Let c be 1*(3 + 12/(-4)). Suppose 2*b + 0*b + 3*m - 5 = 0, -2*b - 5*m + 3 = 0. Let w(q) = -q + b*q**2 - 3*q**2 + 2 + 2*q. Determine w(c).
2
Let k be 10 - (-2)/6*-1*12. Let g(m) = m**3 - 7*m**2 + 6*m - 8. Calculate g(k).
-8
Suppose 5*a = -6 + 26. Let m be (a/(-5))/((-4)/(-10)). Let c(t) = -t**2 - t. Calculate c(m).
-2
Let k be (-4 - -8) + (-2 - -2). Let a(u) be the third derivative of -1/8*u**k + 0*u + 0 - 1/2*u**3 - u**2. Determine a(-2).
3
Let o(p) be the third derivative of p**4/12 - p**3/2 + 4*p**2. Let k = -3 - -7. Suppose -3*i + 4*i = k. Calculate o(i).
5
Let i(q) = 9*q + 8. Let a(r) = r + 1. Let d(h) = 14*a(h) - 2*i(h). Calculate d(-3).
10
Let r(t) = 12*t + 1. Let g(b) = -b**2 - 6*b - 4. Let h be g(-5). Let o = h + -2. Give r(o).
-11
Let f(y) be the first derivative of -2 + 1/3*y**3 + 5*y + 3*y**2. What is f(-5)?
0
Suppose -13*p + 30 = -18*p. Let y(f) = -f - 1. Give y(p).
5
Let m(d) = -5*d + 8*d + 3*d - d. Let g(r) = 11*r. Let i(n) = 6*g(n) - 13*m(n). Give i(1).
1
Let i(v) = 5*v + 4. Let a(x) = 1. Let c(w) = -5*a(w) + i(w). Suppose 0 = 3*k - 6. Suppose -4*s + 0*s = -d + k, 0 = 4*s + d + 6. Give c(s).
-6
Let l be -3 + (-52)/(-8) + -3. Let a(k) be the second derivative of -1/20*k**5 - 1/2*k**4 + 0 - 2/3*k**3 - l*k**2 + 2*k. What is a(-5)?
-6
Let h = 6 + -4. Let z(y) be the third derivative of 0*y + 1/60*y**5 - 2*y**h - y**3 - 1/6*y**4 + 0. Give z(5).
-1
Suppose -2*k - 5*x = -6, -5*k - x = -3*x - 15. Let t(s) = -3*s + k*s + 1 - 2*s. Calculate t(4).
-7
Let v(m) = m + 2. Let i be (30/12)/((-1)/2). What is v(i)?
-3
Let h(y) = y**2 - 2*y**2 + 4*y - 8*y + 4 - 1. Give h(-5).
-2
Let n(h) = 2*h + 1. Let x(l) = -l**2 + 1. Let u(y) = -n(y) + x(y). Determine u(-3).
-3
Let v(i) = -4*i**2 - i + 2. Let x be (-9)/(-6) + (-20)/8. Let t(r) = r**2 - 1. Let c(y) = x*v(y) - 2*t(y). Let z(w) = w - 2. Let o be z(3). Calculate c(o).
3
Let o(a) = 8*a - 1. Let s be ((-2)/(-6))/(15/(-45)). What is o(s)?
-9
Let c(a) = -3*a**2 - 3*a + 2. Let j(w) = 3*w**2 + 4*w - 3. Let z(h) = 3*c(h) + 2*j(h). Let i be z(-1). Let o = i - -3. Let u(r) = 8*r**2 + r - 1. What is u(o)?
8
Let m = -138 - -139. Let w(f) = 4*f**2 + f - 1. What is w(m)?
4
Suppose -4*i + i = -3. Let g(u) = 2*u + u**3 + 2 - u**2 - 13*u**3 - 3. Determine g(i).
-12
Let m(f) = -4*f**2 - f + 4. Let s(b) = -b**2 + b. Let n(q) = -m(q) + 5*s(q). What is n(3)?
5
Let l(r) = -r**2 - 5*r - 3. Let n be l(-2). Suppose 0 = -n*q + 4*q + 4. Let z(d) = -2*d**2 - d - 2*d + 3*d**2 + 7*d. Give z(q).
0
Let i(d) = -d**3 - 2*d**2 - 2*d + 2. Let p(k) = k + 1. Let b be p(3). Suppose 5*l - 5 = 5, 0 = -z + l - b. What is i(z)?
6
Let k(g) = -28 - 4*g + 45 - 20 + 12*g. Determine k(2).
13
Let h(f) = 3 + f**2 - 6 + f - 2 + 4. Let p be h(-3). Let j(g) = g - 5. Give j(p).
0
Let a(l) = -3*l + 19. Let p be a(8). Let n(x) = -x**3 - 6*x**2 - 5*x + 2. Give n(p).
2
Suppose 5*s + 5 + 3 = w, -3*w + s - 4 = 0. Let b = w - 2. Let g(t) = t**3 + 4*t**2 + 4. Give g(b).
4
Let d(p) be the third derivative of p**7/5040 + p**6/720 - p**5/10 - 5*p**2. Let g(f) be the third derivative of d(f). What is g(3)?
4
Let t(y) = -y**2 - 4*y - 3*y - 7 + 0*y**2 + 0*y**2. Give t(-5).
3
Let u(b) = 2*b - 3. Let f(r) = -3*r + 5. Let m(d) = 5*f(d) + 8*u(d). Let q(x) = 3*x - 2. Let i(k) = 4*m(k) - q(k). Give i(0).
6
Let a(i) be the second derivative of 3*i + 0 - 1/12*i**4 + 4/3*i**3 - 7/2*i**2. Let h = -8 + 13. Determine a(h).
8
Let x(g) be the second derivative of g**4/12 + g**3/6 - g**2/2 - g. Suppose -14*c - c = -15. What is x(c)?
1
Let y(j) = j**2 + 7*j + 5. Let v(h) = 6*h + 5. Let l(i) = 3*v(i) - 2*y(i). Let s(k) = -k**3 - 9*k**2 + 4. Let q be s(-9). Give l(q).
-11
Let r(p) = 738*p + 1 - 2 - 732*p. Determine r(-2).
-13
Let s = -4 - -4. Suppose -v + 0 = -2*d - 3, s = 3*d. Let t(q) = 3*q**2 + 4*q - 6. Let g(x) = 4*x**2 + 4*x - 7. Let o(m) = -4*g(m) + 5*t(m). What is o(v)?
1
Let j(y) = -y**3 - y**2. Let g(f) = -f**3 - f**2 + 10. Let d = -8 + 8. Let t be g(d). Suppose 3*u - c + t = 0, -4 = u - 2*c + 6. Give j(u).
4
Suppose 5*s + 5*k = 20, -39 + 9 = 5*s - 5*k. Let c(i) = i**3 + i**2 + i. Calculate c(s).
-1
Let f(i) be the third derivative of i**4/12 - i**3/3 + 29*i**2. Give f(4).
6
Let c(t) be the first derivative of -t**5/30 + t**4/12 + t**3/6 - t**2/2 + 1. Let j(h) be the second derivative of c(h). Let f = -1 - 0. Calculate j(f).
-3
Suppose x = -x + 8. Let t(s) be the second derivative of s**5/20 - s**4/4 - 2*s**3/3 + 5*s**2/2 + s. Give t(x).
5
Let a(t) = t**3 - 2*t**2 - 2. Suppose -5*u + 9 = -1. Calculate a(u).
-2
Let q(y) = 2*y + 7. Let v(s) = 3*s + 12. Let a(w) = 5*q(w) - 3*v(w). Suppose 4*c = 6*c - 12. Calculate a(c).
5
Let y(i) be the third derivative of 3*i**4/8 - i**3/6 - i**2. Let q = 0 - 1. What is y(q)?
-10
Let w(f) = -f + 3. Suppose 95 = 3*m + 2*m. Suppose -4 = -5*x - m. Calculate w(x).
6
Let r(n) = 3*n**2 + 13*n + 11. Let f(m) = -2*m**2 - 9*m - 7. Let z(b) = 8*f(b) + 5*r(b). Suppose 2*g - 5*x + x + 18 = 0, 3*x = 3. Give z(g).
-1
Suppose 1 = -z + 3. Let q(v) = -3*v + 5*v + 3*v**2 - z + 2*v**3 - v**3. Determine q(-2).
-2
Suppose -4*b - 3 = -3*b. Let u be 0 + -2 - b - 1. Let j(q) = -q - q**2 - 4 + u*q + 0*q. What is j(0)?
-4
Let z(q) = q**2 - 1. Let x be z(1). Let u(f) be the second derivative of f**4/12 + f**3/6 + 7*f**2/2 + f. What is u(x)?
7
Let h(k) = -k**2 - 6*k - 4. Let l be 54*(2 - (-20)/(-6)). Let m be l/(-28) + (-6)/(-14). Suppose 2*s + m*a + 23 = 0, -13 = -2*s - 2*a - 31. Determine h(s).
4
Let f be 3/1*(-4)/(-3). Let h(z) be the third derivative of z**5/60 - z**4/24 - z**3/6 + 3*z**2. Determine h(f).
11
Let c = -14 + 9. Let b(f) = -f**2 - 4*f. Give b(c).
-5
Let j(o) = o**3 - 2*o**2 - o - 2. Let t be 1 + (-4)/(-4)*1. Calculate j(t).
-4
Let n(l) = -l - 1. Let g(a) = a - 2. Let o(q) = g(q) - n(q). What is o(-4)?
-9
Let x(v) = v**2 + 5*v + 3. Let k be x(-5). Let y(z) = -10*z - 6. Let i(c) = -c - 1. Let f(b) = 7*b**2 + 1. Let r be f(-1). Let a(u) = r*i(u) - y(u). Give a(k).
4
Suppose 3*x - 10 = -2*x. Suppose x*o + 2 = l + 5,